{"id":311,"date":"2025-10-06T10:42:22","date_gmt":"2025-10-06T08:42:22","guid":{"rendered":"https:\/\/freo-netzwerk.de\/netzwerktreffen25\/impulse-panels-gespraeche-copy\/"},"modified":"2025-10-07T10:45:39","modified_gmt":"2025-10-07T08:45:39","slug":"praktischeinfos","status":"publish","type":"page","link":"https:\/\/freo-netzwerk.de\/netzwerktreffen25\/praktischeinfos\/","title":{"rendered":"Praktische Infos"},"content":{"rendered":"","protected":false},"excerpt":{"rendered":"","protected":false},"author":2,"featured_media":0,"parent":0,"menu_order":4,"comment_status":"closed","ping_status":"closed","template":"","meta":[],"class_list":["post-311","page","type-page","status-publish","hentry"],"grid":"{\r\n  \"colCount\": 12,\r\n  \"colGutter\": 1,\r\n  \"rowGutters\": [\r\n    1,\r\n    1,\r\n    1,\r\n    1,\r\n    1,\r\n    1,\r\n    1,\r\n    1,\r\n    1,\r\n    1\r\n  ],\r\n  \"frameMargin\": 5,\r\n  \"leftFrameMargin\": 2,\r\n  \"rightFrameMargin\": 2,\r\n  \"topFrameMargin\": 10,\r\n  \"mus\": {\r\n    \"colGutterMu\": \"%\",\r\n    \"rowGutterMu\": \"%\",\r\n    \"topFrameMu\": \"%\",\r\n    \"bottomFrameMu\": \"%\",\r\n    \"frameMu\": \"%\"\r\n  },\r\n  \"bottomFrameMargin\": 2,\r\n  \"rowAttrs\": [\r\n    {\r\n      \"relid\": 1\r\n    },\r\n    {\r\n      \"relid\": 3\r\n    },\r\n    {\r\n      \"relid\": 8\r\n    },\r\n    {\r\n      \"relid\": 6\r\n    },\r\n    {\r\n      \"relid\": 9\r\n    },\r\n    {\r\n      \"relid\": 11\r\n    },\r\n    {\r\n      \"relid\": 13\r\n    },\r\n    {\r\n      \"relid\": 14\r\n    },\r\n    {\r\n      \"relid\": 17\r\n    },\r\n    {\r\n      \"relid\": 19\r\n    },\r\n    {\r\n      \"relid\": 21\r\n    }\r\n  ],\r\n  \"bgColor\": \"#e5e5e5\",\r\n  \"bgImage\": null,\r\n  \"cont\": [\r\n    {\r\n      \"type\": \"text\",\r\n      \"cont\": \"<h3 class=\\\"_Bio_Name\\\" style=\\\"text-align: left;\\\">Praktische Informationen<\/h3>\",\r\n      \"align\": \"middle\",\r\n      \"row\": 0,\r\n      \"col\": 0,\r\n      \"colspan\": 12,\r\n      \"offsetx\": 0,\r\n      \"offsety\": 0,\r\n      \"spaceabove\": 0,\r\n      \"spacebelow\": 0,\r\n      \"yvel\": 1,\r\n      \"push\": 0,\r\n      \"relid\": 2,\r\n      \"absolute_position\": false,\r\n      \"frameOverflow\": \"\",\r\n      \"textAnimation\": {\r\n        \"enableTextAnimation\": false\r\n      }\r\n    },\r\n    {\r\n      \"type\": \"text\",\r\n      \"cont\": \"<h3 class=\\\"_Cubano45\\\">Teilnahme<\/h3><p class=\\\"_Default\\\" style=\\\"font-weight: 400;\\\">F\u00fcr die Teilnahme am Netzwerktreffen Freie Musikszene f\u00e4llt eine Verpflegungspauschale in H\u00f6he von 15 Euro pro Person an. Voraussetzung ist eine erfolgreiche Anmeldung mit Best\u00e4tigung per Mail \u00fcber eventbrite. Anmeldungen \u00fcber eventbrite k\u00f6nnen auch noch direkt vor Ort erfolgen. Wir bitten aber um eine vorherige Anmeldung, um die Organisation zu erleichtern.<br \/><strong>WICHTIG: eine Barzahlung der Verpflegungspauschale vor Ort ist nicht m\u00f6glich!<br \/><\/strong>Hinweis: Die Kapazit\u00e4ten sind begrenzt. Kurzfristigen Anmeldungen k\u00f6nnen wir nicht immer entsprechen.<\/p>\",\r\n      \"align\": \"middle\",\r\n      \"row\": 1,\r\n      \"col\": 0,\r\n      \"colspan\": 12,\r\n      \"offsetx\": 0,\r\n      \"offsety\": 0,\r\n      \"spaceabove\": 0,\r\n      \"spacebelow\": 0,\r\n      \"yvel\": 1,\r\n      \"push\": 0,\r\n      \"relid\": 4,\r\n      \"absolute_position\": false,\r\n      \"frameOverflow\": \"\"\r\n    },\r\n    {\r\n      \"type\": \"text\",\r\n      \"cont\": \"<h3 class=\\\"_Cubano45\\\">Veranstaltungsort<\/h3><p class=\\\"_Default\\\" style=\\\"font-weight: 400;\\\">bUm \u2013 Raum f\u00fcr solidarisches Miteinander<br \/>Paul-Lincke-Ufer 21<br \/>10999 Berlin<\/p>\",\r\n      \"align\": \"middle\",\r\n      \"row\": 2,\r\n      \"col\": 0,\r\n      \"colspan\": 12,\r\n      \"offsetx\": 0,\r\n      \"offsety\": 0,\r\n      \"spaceabove\": 0,\r\n      \"spacebelow\": 0,\r\n      \"yvel\": 1,\r\n      \"push\": 0,\r\n      \"relid\": 5,\r\n      \"absolute_position\": false,\r\n      \"frameOverflow\": \"\"\r\n    },\r\n    {\r\n      \"type\": \"text\",\r\n      \"cont\": \"<h3 class=\\\"_Cubano45\\\">Ankommen<\/h3><p class=\\\"_Default\\\" style=\\\"font-weight: 400;\\\"><span>Der Eingang zum bUm befindet sich am Paul-Lincke-Ufer 21 \u2013 rechts vom Restaurant L\u00fctt und links vom Restaurant Volt. Der Zugang erfolgt \u00fcber eine breite Einfahrt, die vom B\u00fcrgersteig zu einem gro\u00dfen, dunkelroten Tor f\u00fchrt. Die Eingangst\u00fcr, also beide Schiebet\u00fcren vom Windfang, sind automatisiert.<\/span><\/p>\",\r\n      \"align\": \"middle\",\r\n      \"row\": 3,\r\n      \"col\": 0,\r\n      \"colspan\": 12,\r\n      \"offsetx\": 0,\r\n      \"offsety\": 0,\r\n      \"spaceabove\": 0,\r\n      \"spacebelow\": 0,\r\n      \"yvel\": 1,\r\n      \"push\": 0,\r\n      \"relid\": 7,\r\n      \"absolute_position\": false,\r\n      \"frameOverflow\": \"\"\r\n    },\r\n    {\r\n      \"type\": \"text\",\r\n      \"cont\": \"<h3 class=\\\"_Cubano45\\\">Erreichbarkeit mit \u00d6PNV<\/h3><p class=\\\"\\\">Mit den \u00d6ffis kommst man am besten mit der <strong>U8 angereist (Sch\u00f6nleinstra\u00dfe)<\/strong> oder der <strong>U7\/U8 (Hermannplatz)<\/strong>.<br \/>Oder man nimmt den <strong>Bus M29 bis zur Haltestelle Ohlauer Stra\u00dfe<\/strong>.<\/p>\",\r\n      \"align\": \"top\",\r\n      \"row\": 4,\r\n      \"col\": 0,\r\n      \"colspan\": 12,\r\n      \"offsetx\": 0,\r\n      \"offsety\": 0,\r\n      \"spaceabove\": 0,\r\n      \"spacebelow\": 0,\r\n      \"yvel\": 1,\r\n      \"push\": 0,\r\n      \"relid\": 10,\r\n      \"absolute_position\": false\r\n    },\r\n    {\r\n      \"type\": \"text\",\r\n      \"cont\": \"<h3 class=\\\"_Cubano45\\\">Barrierefreiheit<\/h3><p class=\\\"\\\" data-rte-preserve-empty=\\\"true\\\">bUm ist ein barrierearmer Veranstaltungsort: Alle R\u00e4ume sowie die Terrasse sind mit dem Rollstuhl zu erreichen. Es gibt einen Aufzug in alle Etagen und eine rollstuhlgerechte Toilette.<\/p><p data-rte-preserve-empty=\\\"true\\\">Das Netzwerktreffen findet in deutscher Lautsprache statt.<\/p>\",\r\n      \"align\": \"top\",\r\n      \"row\": 5,\r\n      \"col\": 0,\r\n      \"colspan\": 12,\r\n      \"offsetx\": 0,\r\n      \"offsety\": 0,\r\n      \"spaceabove\": 0,\r\n      \"spacebelow\": 0,\r\n      \"yvel\": 1,\r\n      \"push\": 0,\r\n      \"relid\": 15,\r\n      \"absolute_position\": false,\r\n      \"frameOverflow\": \"\"\r\n    },\r\n    {\r\n      \"type\": \"text\",\r\n      \"cont\": \"<h3 class=\\\"_Cubano45\\\">Verpflegung<\/h3><p style=\\\"font-weight: 400;\\\">F\u00fcr die Teilnehmer:innen und Mitwirkenden werden ganztags Getr\u00e4nke (Wasser, Limo, Tee, Kaffee), ein Mittagsimbiss und Snacks kostenlos zur Verf\u00fcgung gestellt. Der Mittagsimbiss ist vegan.<\/p><p style=\\\"font-weight: 400;\\\">Am ersten Tag findet zum Ausklang ab 19 Uhr ein Get-Together statt. Daf\u00fcr stehen Getr\u00e4nke und Brezeln auf <strong>Selbstkostenbasis\u00a0<\/strong>zur Verf\u00fcgung.\u00a0<strong>Wichtig: Die Bezahlung ist\u00a0<span style=\\\"text-decoration: underline;\\\">in Bar oder mit PayPal m\u00f6glich.<\/span><\/strong><\/p>\",\r\n      \"align\": \"top\",\r\n      \"row\": 6,\r\n      \"col\": 0,\r\n      \"colspan\": 12,\r\n      \"offsetx\": 0,\r\n      \"offsety\": 0,\r\n      \"spaceabove\": 0,\r\n      \"spacebelow\": 0,\r\n      \"yvel\": 1,\r\n      \"push\": 0,\r\n      \"relid\": 12,\r\n      \"absolute_position\": false\r\n    },\r\n    {\r\n      \"type\": \"text\",\r\n      \"cont\": \"<h3 class=\\\"_Cubano45\\\">Dokumentation<\/h3><p style=\\\"font-weight: 400;\\\">Wir weisen darauf hin, dass w\u00e4hrend der Veranstaltung Fotos und Videoaufnahmen gemacht werden, die f\u00fcr die interne Projektdokumentation und zur Ver\u00f6ffentlichung auf den Websites und Social-Media-Kan\u00e4len der Veranstalter verwendet werden. Wenn Sie dem nicht zustimmen, bitten wir um einen entsprechenden Hinweis zu Beginn der Veranstaltung. Sie erhalten dann einen roten Punkt auf Ihrem Namensschild.<\/p>\",\r\n      \"align\": \"top\",\r\n      \"row\": 7,\r\n      \"col\": 0,\r\n      \"colspan\": 12,\r\n      \"offsetx\": 0,\r\n      \"offsety\": 0,\r\n      \"spaceabove\": 0,\r\n      \"spacebelow\": 0,\r\n      \"yvel\": 1,\r\n      \"push\": 0,\r\n      \"relid\": 16,\r\n      \"absolute_position\": false,\r\n      \"frameOverflow\": \"\"\r\n    },\r\n    {\r\n      \"type\": \"text\",\r\n      \"cont\": \"<h3 class=\\\"_Cubano45\\\">Garderobe<\/h3><p style=\\\"font-weight: 400;\\\">Es gibt Kleiderstangen f\u00fcr Jacken vor Ort. Gep\u00e4ck kann in einem separaten Raum abgestellt werden. Wir bitten darum, auf die eigenen Wertsachen selbst aufmerksam zu achten. F\u00fcr die Garderobe wird keine Haftung \u00fcbernommen.<\/p>\",\r\n      \"align\": \"top\",\r\n      \"row\": 8,\r\n      \"col\": 0,\r\n      \"colspan\": 12,\r\n      \"offsetx\": 0,\r\n      \"offsety\": 0,\r\n      \"spaceabove\": 0,\r\n      \"spacebelow\": 0,\r\n      \"yvel\": 1,\r\n      \"push\": 0,\r\n      \"relid\": 18,\r\n      \"absolute_position\": false,\r\n      \"frameOverflow\": \"\"\r\n    },\r\n    {\r\n      \"type\": \"text\",\r\n      \"cont\": \"<h3 class=\\\"_Cubano45\\\">AkKreditierung<\/h3><p style=\\\"font-weight: 400;\\\">Bei Ihrer Ankunft melden Sie sich bitte im Foyer an den Akkreditierungstischen an. Halten Sie daf\u00fcr bitte Ihr Eventbrite-Ticket bereit. Hier erhalten Sie Ihr Namensschild (zum selbst beschriften). Unser Team steht Ihnen w\u00e4hrend der gesamten Veranstaltung zur Verf\u00fcgung, kommen Sie gerne auf uns zu.<\/p>\",\r\n      \"align\": \"top\",\r\n      \"row\": 9,\r\n      \"col\": 0,\r\n      \"colspan\": 12,\r\n      \"offsetx\": 0,\r\n      \"offsety\": 0,\r\n      \"spaceabove\": 0,\r\n      \"spacebelow\": 0,\r\n      \"yvel\": 1,\r\n      \"push\": 0,\r\n      \"relid\": 20,\r\n      \"absolute_position\": false,\r\n      \"frameOverflow\": \"\"\r\n    },\r\n    {\r\n      \"type\": \"text\",\r\n      \"cont\": \"<h3 class=\\\"_Cubano45\\\">Verhaltenskodex<\/h3><p style=\\\"font-weight: 400;\\\">Wir stehen f\u00fcr gleichberechtigtes Miteinander, vielf\u00e4ltigen Austausch und faire Zusammenarbeit. Mit diesem Verhaltenskodex wollen wir daf\u00fcr sorgen, dass sich nach M\u00f6glichkeit alle Personen w\u00e4hrend unserer Veranstaltung sicher und wohl f\u00fchlen. Die folgenden Punkte dienen als gemeinsame Orientierung, um eine respektvolle und angenehme Atmosph\u00e4re zu schaffen.<\/p><ul><li>Wir pflegen einen respektvollen und freundlichen Umgang miteinander und lassen uns gegenseitig ausreden. Behandeln Sie andere Teilnehmer:innen so, wie Sie selbst gerne behandelt werden wollen.<\/li><li>Wir respektieren die Privatsph\u00e4re und die individuellen Grenzen anderer. Wo die individuelle Grenze einer Person beginnt, bestimmt jede:r fu\u0308r sich selbst.<\/li><li>In Diskussionen und Arbeitsphasen achten wir gemeinsam auf die gerechte Verteilung von Gespr\u00e4chsanteilen.<\/li><li>Jede Form der Diskriminierung oder Diffamierung von Menschen oder Gruppen aufgrund ihrer Herkunft, religi\u00f6sen Zugeh\u00f6rigkeit, Nationalit\u00e4t, k\u00f6rperlichen Verfassung, sexuellen Identit\u00e4t, ihres Geschlechts, ihrer Einkommensverh\u00e4ltnisse und\/oder ihres Alters werden nicht akzeptiert und k\u00f6nnen zum Ausschluss von der Veranstaltung f\u00fchren.<\/li><\/ul>\",\r\n      \"align\": \"top\",\r\n      \"row\": 10,\r\n      \"col\": 0,\r\n      \"colspan\": 12,\r\n      \"offsetx\": 0,\r\n      \"offsety\": 0,\r\n      \"spaceabove\": 0,\r\n      \"spacebelow\": 0,\r\n      \"yvel\": 1,\r\n      \"push\": 0,\r\n      \"relid\": 22,\r\n      \"absolute_position\": false\r\n    }\r\n  ]\r\n}","phonegrid":"","_links":{"self":[{"href":"https:\/\/freo-netzwerk.de\/netzwerktreffen25\/wp-json\/wp\/v2\/pages\/311","targetHints":{"allow":["GET"]}}],"collection":[{"href":"https:\/\/freo-netzwerk.de\/netzwerktreffen25\/wp-json\/wp\/v2\/pages"}],"about":[{"href":"https:\/\/freo-netzwerk.de\/netzwerktreffen25\/wp-json\/wp\/v2\/types\/page"}],"author":[{"embeddable":true,"href":"https:\/\/freo-netzwerk.de\/netzwerktreffen25\/wp-json\/wp\/v2\/users\/2"}],"replies":[{"embeddable":true,"href":"https:\/\/freo-netzwerk.de\/netzwerktreffen25\/wp-json\/wp\/v2\/comments?post=311"}],"version-history":[{"count":0,"href":"https:\/\/freo-netzwerk.de\/netzwerktreffen25\/wp-json\/wp\/v2\/pages\/311\/revisions"}],"wp:attachment":[{"href":"https:\/\/freo-netzwerk.de\/netzwerktreffen25\/wp-json\/wp\/v2\/media?parent=311"}],"curies":[{"name":"wp","href":"https:\/\/api.w.org\/{rel}","templated":true}]}}