{"id":51,"date":"2025-09-16T15:23:48","date_gmt":"2025-09-16T13:23:48","guid":{"rendered":"https:\/\/freo-netzwerk.de\/netzwerktreffen25\/?page_id=51"},"modified":"2025-09-30T11:49:13","modified_gmt":"2025-09-30T09:49:13","slug":"timetable","status":"publish","type":"page","link":"https:\/\/freo-netzwerk.de\/netzwerktreffen25\/timetable\/","title":{"rendered":"Timetable"},"content":{"rendered":"","protected":false},"excerpt":{"rendered":"","protected":false},"author":1,"featured_media":0,"parent":0,"menu_order":2,"comment_status":"closed","ping_status":"closed","template":"","meta":[],"class_list":["post-51","page","type-page","status-publish","hentry"],"grid":"{\r\n  \"colCount\": 12,\r\n  \"colGutter\": 1,\r\n  \"rowGutters\": [\r\n    5,\r\n    2,\r\n    5,\r\n    2,\r\n    5,\r\n    0\r\n  ],\r\n  \"frameMargin\": 5,\r\n  \"leftFrameMargin\": 2,\r\n  \"rightFrameMargin\": 2,\r\n  \"topFrameMargin\": 10,\r\n  \"mus\": {\r\n    \"colGutterMu\": \"%\",\r\n    \"rowGutterMu\": \"%\",\r\n    \"topFrameMu\": \"%\",\r\n    \"bottomFrameMu\": \"%\",\r\n    \"frameMu\": \"%\"\r\n  },\r\n  \"bottomFrameMargin\": 0,\r\n  \"rowAttrs\": [\r\n    {\r\n      \"relid\": 1\r\n    },\r\n    {\r\n      \"relid\": 6\r\n    },\r\n    {\r\n      \"relid\": 3\r\n    },\r\n    {\r\n      \"relid\": 4\r\n    },\r\n    {\r\n      \"relid\": 9\r\n    },\r\n    {\r\n      \"bgcolor\": \"#8cb46e\",\r\n      \"relid\": 11,\r\n      \"html_id\": \"raumplan\"\r\n    },\r\n    {\r\n      \"bgcolor\": \"#8cb46e\",\r\n      \"relid\": 13\r\n    }\r\n  ],\r\n  \"bgColor\": \"#e5e5e5\",\r\n  \"bgImage\": null,\r\n  \"cont\": [\r\n    {\r\n      \"type\": \"text\",\r\n      \"cont\": \"<h1 class=\\\"_Bio_Name\\\" style=\\\"text-align: left;\\\"><span style=\\\"color: #643c78;\\\">Timetable<\/span><\/h1><p class=\\\"_Bio_Zurueck\\\"><span style=\\\"color: #643c78;\\\"><a class=\\\"laybutton1 laybutton raumplan\\\" style=\\\"color: #643c78;\\\" href=\\\"#raumplan\\\">\u2192 Zum Raumplan<\/a><\/span><\/p>\",\r\n      \"align\": \"top\",\r\n      \"row\": 0,\r\n      \"col\": 0,\r\n      \"colspan\": 12,\r\n      \"offsetx\": 0,\r\n      \"offsety\": 0,\r\n      \"spaceabove\": 0,\r\n      \"spacebelow\": 0,\r\n      \"yvel\": 1,\r\n      \"push\": 0,\r\n      \"relid\": 2,\r\n      \"absolute_position\": false\r\n    },\r\n    {\r\n      \"type\": \"text\",\r\n      \"cont\": \"<h3 class=\\\"_Cubano60\\\" style=\\\"text-align: left;\\\"><span style=\\\"color: #643c78;\\\">Montag, 13. Oktober<\/span><\/h3>\",\r\n      \"align\": \"middle\",\r\n      \"row\": 1,\r\n      \"col\": 0,\r\n      \"colspan\": 12,\r\n      \"offsetx\": 0,\r\n      \"offsety\": 0,\r\n      \"spaceabove\": 0,\r\n      \"spacebelow\": 0,\r\n      \"yvel\": 1,\r\n      \"push\": 0,\r\n      \"relid\": 7,\r\n      \"absolute_position\": false,\r\n      \"textAnimation\": {\r\n        \"enableTextAnimation\": false\r\n      }\r\n    },\r\n    {\r\n      \"type\": \"table\",\r\n      \"cont\": \"\",\r\n      \"align\": \"top\",\r\n      \"row\": 2,\r\n      \"col\": 0,\r\n      \"colspan\": 12,\r\n      \"offsetx\": 0,\r\n      \"offsety\": 0,\r\n      \"spaceabove\": 0,\r\n      \"spacebelow\": 0,\r\n      \"yvel\": 1,\r\n      \"push\": 0,\r\n      \"relid\": 5,\r\n      \"config\": {\r\n        \"tableConfig\": {\r\n          \"bordered\": true,\r\n          \"rowNumber\": 12,\r\n          \"colNumber\": 3,\r\n          \"borderColor\": \"#643c78\",\r\n          \"borderWidth\": 1,\r\n          \"minHeight\": 40,\r\n          \"showVerticalBorders\": false,\r\n          \"showHorizontalBorders\": true,\r\n          \"showFirstLastVerticalBorders\": true,\r\n          \"showFirstLastHorizontalBorders\": true,\r\n          \"cellPaddingLeftRight\": 5,\r\n          \"cellPaddingTopBottom\": 10,\r\n          \"forceTextAlignment\": false,\r\n          \"textAlignment\": \"left\",\r\n          \"verticalTextAlignment\": \"top\",\r\n          \"forceTextColor\": false,\r\n          \"textColor\": \"#000000\",\r\n          \"forceTextFormat\": true,\r\n          \"textformat\": \"Bio_Text\",\r\n          \"useBackgroundColor\": false,\r\n          \"backgroundColor\": \"#ffffff\",\r\n          \"nightMode\": false\r\n        },\r\n        \"columnWidths\": [\r\n          {\r\n            \"value\": 15,\r\n            \"unit\": \"%\"\r\n          },\r\n          {\r\n            \"value\": 50,\r\n            \"unit\": \"%\"\r\n          },\r\n          {\r\n            \"value\": \"auto\",\r\n            \"unit\": \"%\"\r\n          }\r\n        ],\r\n        \"cont\": [\r\n          [\r\n            {\r\n              \"type\": \"text\",\r\n              \"cont\": \"<p><span class=\\\"_BOLD\\\">Zeit<\/span><\/p>\"\r\n            },\r\n            {\r\n              \"type\": \"text\",\r\n              \"cont\": \"<p><span class=\\\"_BOLD\\\">Veranstaltung<\/span><\/p>\"\r\n            },\r\n            {\r\n              \"type\": \"text\",\r\n              \"cont\": \"<p><span class=\\\"_BOLD\\\">Ort<\/span><\/p>\"\r\n            }\r\n          ],\r\n          [\r\n            {\r\n              \"type\": \"text\",\r\n              \"cont\": \"<p>10:30 Uhr<\/p>\"\r\n            },\r\n            {\r\n              \"type\": \"text\",\r\n              \"cont\": \"<p>Ankommen &amp; Akkreditierung<\/p>\"\r\n            },\r\n            {\r\n              \"type\": \"text\",\r\n              \"cont\": \"<p>Foyer<\/p>\"\r\n            }\r\n          ],\r\n          [\r\n            {\r\n              \"type\": \"text\",\r\n              \"cont\": \"<p>11:30 Uhr<\/p>\"\r\n            },\r\n            {\r\n              \"type\": \"text\",\r\n              \"cont\": \"<p>Begr\u00fc\u00dfung<\/p>\"\r\n            },\r\n            {\r\n              \"type\": \"text\",\r\n              \"cont\": \"<p>Auditorium<\/p>\"\r\n            }\r\n          ],\r\n          [\r\n            {\r\n              \"type\": \"text\",\r\n              \"cont\": \"<p>11:45 Uhr<\/p>\"\r\n            },\r\n            {\r\n              \"type\": \"text\",\r\n              \"cont\": \"<p><a href=\\\"https:\/\/freo-netzwerk.de\/netzwerktreffen25\/und-was-machst-du-hauptberuflich\/\\\" data-id=\\\"116\\\" data-title=\\\"\u201eUnd was machst du hauptberuflich?\u201c\\\" data-catid=\\\"[10]\\\" data-type=\\\"project\\\"><span class=\\\"_BOLD\\\">Gespr\u00e4ch<\/span><b><br \/><\/b>Mythos Freie Musikszene \u2013 \u201eUnd was machst du hauptberuflich?\u201c<\/a><\/p>\"\r\n            },\r\n            {\r\n              \"type\": \"text\",\r\n              \"cont\": \"<p>Auditorium<\/p>\"\r\n            }\r\n          ],\r\n          [\r\n            {\r\n              \"type\": \"text\",\r\n              \"cont\": \"<p>13:00 Uhr<\/p>\"\r\n            },\r\n            {\r\n              \"type\": \"text\",\r\n              \"cont\": \"<p>Mittagspause<\/p>\"\r\n            },\r\n            {\r\n              \"type\": \"text\",\r\n              \"cont\": \"<p>Foyer &amp; Terrasse<\/p>\"\r\n            }\r\n          ],\r\n          [\r\n            {\r\n              \"type\": \"text\",\r\n              \"cont\": \"<p>14:00 Uhr<\/p>\"\r\n            },\r\n            {\r\n              \"type\": \"text\",\r\n              \"cont\": \"<p><a href=\\\"https:\/\/freo-netzwerk.de\/netzwerktreffen25\/workshops\/\\\" data-id=\\\"55\\\" data-title=\\\"Workshops\\\" data-type=\\\"page\\\"><span class=\\\"_BOLD\\\">Marktplatz der M\u00f6glichkeiten<\/span><\/a><br \/><a href=\\\"https:\/\/freo-netzwerk.de\/netzwerktreffen25\/workshops\/\\\" data-id=\\\"55\\\" data-title=\\\"Workshops\\\" data-type=\\\"page\\\">Kompakt-Workshops<\/a><br \/><a href=\\\"https:\/\/freo-netzwerk.de\/netzwerktreffen25\/workshops\/\\\" data-id=\\\"55\\\" data-title=\\\"Workshops\\\" data-type=\\\"page\\\">Runde 1<\/a><\/p>\"\r\n            },\r\n            {\r\n              \"type\": \"text\",\r\n              \"cont\": \"<p>1) Auditorium<br \/>2) Auditorium<br \/>3) bUm Box<br \/>4) Wintergarten<br \/>5) Seminarraum<\/p>\"\r\n            }\r\n          ],\r\n          [\r\n            {\r\n              \"type\": \"text\",\r\n              \"cont\": \"<p>15:00 Uhr<\/p>\"\r\n            },\r\n            {\r\n              \"type\": \"text\",\r\n              \"cont\": \"<p><a href=\\\"https:\/\/freo-netzwerk.de\/netzwerktreffen25\/wer-bist-du-und-warum-bist-du-hier\/\\\" data-id=\\\"217\\\" data-title=\\\"Netzwerken auf dem Netzwerktreffen: Wer bist du und warum bist du hier?\\\" data-catid=\\\"[1]\\\" data-type=\\\"project\\\">Netzwerk-Format<\/a><\/p>\"\r\n            },\r\n            {\r\n              \"type\": \"text\",\r\n              \"cont\": \"<p class=\\\"_Bio_Text\\\">Foyer &amp; Auditorium<\/p><p class=\\\"_Bio_Text\\\">\u00a0<\/p>\"\r\n            }\r\n          ],\r\n          [\r\n            {\r\n              \"type\": \"text\",\r\n              \"cont\": \"<p>16:15 Uhr<\/p>\"\r\n            },\r\n            {\r\n              \"type\": \"text\",\r\n              \"cont\": \"<p><a href=\\\"https:\/\/freo-netzwerk.de\/netzwerktreffen25\/workshops\/\\\" data-id=\\\"55\\\" data-title=\\\"Workshops\\\" data-type=\\\"page\\\"><span class=\\\"_BOLD\\\">Marktplatz der M\u00f6glichkeiten<\/span><\/a><br \/><a href=\\\"https:\/\/freo-netzwerk.de\/netzwerktreffen25\/workshops\/\\\" data-id=\\\"55\\\" data-title=\\\"Workshops\\\" data-type=\\\"page\\\">Kompakt-Workshops<\/a><br \/><a href=\\\"https:\/\/freo-netzwerk.de\/netzwerktreffen25\/workshops\/\\\" data-id=\\\"55\\\" data-title=\\\"Workshops\\\" data-type=\\\"page\\\">Runde 2<\/a><\/p>\"\r\n            },\r\n            {\r\n              \"type\": \"text\",\r\n              \"cont\": \"<p>1) Auditorium<br \/>2) Auditorium<br \/>3) bUm Box<br \/>4) Wintergarten<br \/>5) Seminarraum<\/p>\"\r\n            }\r\n          ],\r\n          [\r\n            {\r\n              \"type\": \"text\",\r\n              \"cont\": \"<p>17:15 Uhr<\/p>\"\r\n            },\r\n            {\r\n              \"type\": \"text\",\r\n              \"cont\": \"<p>Kaffeepause<\/p>\"\r\n            },\r\n            {\r\n              \"type\": \"text\",\r\n              \"cont\": \"<p>Foyer &amp; Terasse<\/p>\"\r\n            }\r\n          ],\r\n          [\r\n            {\r\n              \"type\": \"text\",\r\n              \"cont\": \"<p>17:30 Uhr<\/p>\"\r\n            },\r\n            {\r\n              \"type\": \"text\",\r\n              \"cont\": \"<p><a href=\\\"https:\/\/freo-netzwerk.de\/netzwerktreffen25\/die-freie-musikszene-und-der-bund\/\\\" data-id=\\\"180\\\" data-title=\\\"Die Freie Musikszene und der Bund: Erwartungen, Impulse, Realit\u00e4t.\\\" data-catid=\\\"[11,9]\\\" data-type=\\\"project\\\"><span class=\\\"_BOLD\\\">Impuls &amp; Panel<\/span><\/a><br \/><a href=\\\"https:\/\/freo-netzwerk.de\/netzwerktreffen25\/die-freie-musikszene-und-der-bund\/\\\" data-id=\\\"180\\\" data-title=\\\"Die Freie Musikszene und der Bund: Erwartungen, Impulse, Realit\u00e4t.\\\" data-catid=\\\"[11,9]\\\" data-type=\\\"project\\\">Die Freie Musikszene und der Bund: Erwartungen, Impulse, Realit\u00e4t.<\/a><br \/><a href=\\\"https:\/\/freo-netzwerk.de\/netzwerktreffen25\/die-freie-musikszene-und-der-bund\/\\\" data-id=\\\"180\\\" data-title=\\\"Die Freie Musikszene und der Bund: Erwartungen, Impulse, Realit\u00e4t.\\\" data-catid=\\\"[11,9]\\\" data-type=\\\"project\\\">Podiumsdiskussionen mit Kulturpolitiker:innen der Bundestagsfraktionen<\/a><\/p>\"\r\n            },\r\n            {\r\n              \"type\": \"text\",\r\n              \"cont\": \"<p>Auditorium<\/p>\"\r\n            }\r\n          ],\r\n          [\r\n            {\r\n              \"type\": \"text\",\r\n              \"cont\": \"<p>19:00 Uhr<\/p>\"\r\n            },\r\n            {\r\n              \"type\": \"text\",\r\n              \"cont\": \"<p>Get-Together<\/p>\"\r\n            },\r\n            {\r\n              \"type\": \"text\",\r\n              \"cont\": \"<p>Foyer &amp; Auditorium<\/p>\"\r\n            }\r\n          ],\r\n          [\r\n            {\r\n              \"type\": \"text\",\r\n              \"cont\": \"<p>22:00 Uhr<\/p>\"\r\n            },\r\n            {\r\n              \"type\": \"text\",\r\n              \"cont\": \"<p>Ende<\/p>\"\r\n            },\r\n            {\r\n              \"type\": \"text\",\r\n              \"cont\": \"\"\r\n            }\r\n          ]\r\n        ]\r\n      },\r\n      \"absolute_position\": false,\r\n      \"classes\": \"timetable\"\r\n    },\r\n    {\r\n      \"type\": \"text\",\r\n      \"cont\": \"<h3 class=\\\"_Cubano60\\\" style=\\\"text-align: left;\\\"><span style=\\\"color: #643c78;\\\">Dienstag, 14. Oktober<\/span><\/h3>\",\r\n      \"align\": \"middle\",\r\n      \"row\": 3,\r\n      \"col\": 0,\r\n      \"colspan\": 12,\r\n      \"offsetx\": 0,\r\n      \"offsety\": 0,\r\n      \"spaceabove\": 0,\r\n      \"spacebelow\": 0,\r\n      \"yvel\": 1,\r\n      \"push\": 0,\r\n      \"relid\": 8,\r\n      \"absolute_position\": false,\r\n      \"textAnimation\": {\r\n        \"enableTextAnimation\": false\r\n      }\r\n    },\r\n    {\r\n      \"type\": \"table\",\r\n      \"cont\": \"\",\r\n      \"align\": \"top\",\r\n      \"row\": 4,\r\n      \"col\": 0,\r\n      \"colspan\": 12,\r\n      \"offsetx\": 0,\r\n      \"offsety\": 0,\r\n      \"spaceabove\": 0,\r\n      \"spacebelow\": 0,\r\n      \"yvel\": 1,\r\n      \"push\": 0,\r\n      \"relid\": 10,\r\n      \"config\": {\r\n        \"tableConfig\": {\r\n          \"bordered\": true,\r\n          \"rowNumber\": 11,\r\n          \"colNumber\": 3,\r\n          \"borderColor\": \"#643c78\",\r\n          \"borderWidth\": 1,\r\n          \"minHeight\": 40,\r\n          \"showVerticalBorders\": false,\r\n          \"showHorizontalBorders\": true,\r\n          \"showFirstLastVerticalBorders\": true,\r\n          \"showFirstLastHorizontalBorders\": true,\r\n          \"cellPaddingLeftRight\": 5,\r\n          \"cellPaddingTopBottom\": 10,\r\n          \"forceTextAlignment\": false,\r\n          \"textAlignment\": \"left\",\r\n          \"verticalTextAlignment\": \"top\",\r\n          \"forceTextColor\": false,\r\n          \"textColor\": \"#000000\",\r\n          \"forceTextFormat\": true,\r\n          \"textformat\": \"Bio_Text\",\r\n          \"useBackgroundColor\": false,\r\n          \"backgroundColor\": \"#ffffff\",\r\n          \"nightMode\": false\r\n        },\r\n        \"columnWidths\": [\r\n          {\r\n            \"value\": 15,\r\n            \"unit\": \"%\"\r\n          },\r\n          {\r\n            \"value\": 50,\r\n            \"unit\": \"%\"\r\n          },\r\n          {\r\n            \"value\": \"auto\",\r\n            \"unit\": \"%\"\r\n          }\r\n        ],\r\n        \"cont\": [\r\n          [\r\n            {\r\n              \"type\": \"text\",\r\n              \"cont\": \"<p><span class=\\\"_BOLD\\\">Zeit<\/span><\/p>\"\r\n            },\r\n            {\r\n              \"type\": \"text\",\r\n              \"cont\": \"<p><span class=\\\"_BOLD\\\">Veranstaltung<\/span><\/p>\"\r\n            },\r\n            {\r\n              \"type\": \"text\",\r\n              \"cont\": \"<p><span class=\\\"_BOLD\\\">Ort<\/span><\/p>\"\r\n            }\r\n          ],\r\n          [\r\n            {\r\n              \"type\": \"text\",\r\n              \"cont\": \"<p>10:00 Uhr<\/p>\"\r\n            },\r\n            {\r\n              \"type\": \"text\",\r\n              \"cont\": \"<p>Begr\u00fc\u00dfung<\/p>\"\r\n            },\r\n            {\r\n              \"type\": \"text\",\r\n              \"cont\": \"<p>Auditorium<\/p>\"\r\n            }\r\n          ],\r\n          [\r\n            {\r\n              \"type\": \"text\",\r\n              \"cont\": \"<p>10:15 Uhr<\/p>\"\r\n            },\r\n            {\r\n              \"type\": \"text\",\r\n              \"cont\": \"<p><a href=\\\"https:\/\/freo-netzwerk.de\/netzwerktreffen25\/netzwerk-fruehstueck-wir-fuer-euch\/\\\" data-id=\\\"218\\\" data-title=\\\"Netzwerk-Fr\u00fchst\u00fcck: Wir f\u00fcr euch!\\\" data-catid=\\\"[14]\\\" data-type=\\\"project\\\">Netzwerk-Fr\u00fchst\u00fcck mit Brezeln, Croissants und Kaffee<\/a><\/p>\"\r\n            },\r\n            {\r\n              \"type\": \"text\",\r\n              \"cont\": \"<p>Foyer &amp; Auditorium<\/p>\"\r\n            }\r\n          ],\r\n          [\r\n            {\r\n              \"type\": \"text\",\r\n              \"cont\": \"<p>11:00 Uhr<\/p>\"\r\n            },\r\n            {\r\n              \"type\": \"text\",\r\n              \"cont\": \"<p><a href=\\\"https:\/\/freo-netzwerk.de\/netzwerktreffen25\/unsichtbare-barrieren\/\\\" data-id=\\\"185\\\" data-title=\\\"Unsichtbare Barrieren: Klassismus in der freien Musikszene\\\" data-catid=\\\"[11,9]\\\" data-type=\\\"project\\\"><span class=\\\"_BOLD\\\">Impuls &amp; Panel<\/span><\/a><br \/><a href=\\\"https:\/\/freo-netzwerk.de\/netzwerktreffen25\/unsichtbare-barrieren\/\\\" data-id=\\\"185\\\" data-title=\\\"Unsichtbare Barrieren: Klassismus in der freien Musikszene\\\" data-catid=\\\"[11,9]\\\" data-type=\\\"project\\\">Unsichtbare Barrieren: Klassismus in der freien Musikszene<\/a><\/p>\"\r\n            },\r\n            {\r\n              \"type\": \"text\",\r\n              \"cont\": \"<p>Auditorium<\/p>\"\r\n            }\r\n          ],\r\n          [\r\n            {\r\n              \"type\": \"text\",\r\n              \"cont\": \"<p>12:30 Uhr<\/p>\"\r\n            },\r\n            {\r\n              \"type\": \"text\",\r\n              \"cont\": \"<p><a href=\\\"https:\/\/freo-netzwerk.de\/netzwerktreffen25\/workshops\/\\\" data-id=\\\"55\\\" data-title=\\\"Workshops\\\" data-type=\\\"page\\\"><span class=\\\"_BOLD\\\">Marktplatz der M\u00f6glichkeiten<\/span><\/a><br \/><a href=\\\"https:\/\/freo-netzwerk.de\/netzwerktreffen25\/workshops\/\\\" data-id=\\\"55\\\" data-title=\\\"Workshops\\\" data-type=\\\"page\\\">Kompakt-Workshops<\/a><br \/><a href=\\\"https:\/\/freo-netzwerk.de\/netzwerktreffen25\/workshops\/\\\" data-id=\\\"55\\\" data-title=\\\"Workshops\\\" data-type=\\\"page\\\">Runde 3<\/a><\/p>\"\r\n            },\r\n            {\r\n              \"type\": \"text\",\r\n              \"cont\": \"<p>1) Auditorium<br \/>2) Auditorium<br \/>3) bUm Box<br \/>4) Wintergarten<br \/>5) Seminarraum<\/p>\"\r\n            }\r\n          ],\r\n          [\r\n            {\r\n              \"type\": \"text\",\r\n              \"cont\": \"<p>13:30 Uhr<\/p>\"\r\n            },\r\n            {\r\n              \"type\": \"text\",\r\n              \"cont\": \"<p>Mittagspause<\/p>\"\r\n            },\r\n            {\r\n              \"type\": \"text\",\r\n              \"cont\": \"<p>Foyer &amp; Terasse<\/p>\"\r\n            }\r\n          ],\r\n          [\r\n            {\r\n              \"type\": \"text\",\r\n              \"cont\": \"<p>14:30 Uhr<\/p>\"\r\n            },\r\n            {\r\n              \"type\": \"text\",\r\n              \"cont\": \"<p><a href=\\\"https:\/\/freo-netzwerk.de\/netzwerktreffen25\/workshops\/\\\" data-id=\\\"55\\\" data-title=\\\"Workshops\\\" data-type=\\\"page\\\"><span class=\\\"_BOLD\\\">Marktplatz der M\u00f6glichkeiten<\/span><\/a><br \/><a href=\\\"https:\/\/freo-netzwerk.de\/netzwerktreffen25\/workshops\/\\\" data-id=\\\"55\\\" data-title=\\\"Workshops\\\" data-type=\\\"page\\\">Kompakt-Workshops<\/a><br \/><a href=\\\"https:\/\/freo-netzwerk.de\/netzwerktreffen25\/workshops\/\\\" data-id=\\\"55\\\" data-title=\\\"Workshops\\\" data-type=\\\"page\\\">Runde 4<\/a><\/p>\"\r\n            },\r\n            {\r\n              \"type\": \"text\",\r\n              \"cont\": \"<p>1) Auditorium<br \/>2) Auditorium<br \/>3) bUm Box<br \/>4) Wintergarten<br \/>5) Seminarraum<\/p>\"\r\n            }\r\n          ],\r\n          [\r\n            {\r\n              \"type\": \"text\",\r\n              \"cont\": \"<p>15:30 Uhr<\/p>\"\r\n            },\r\n            {\r\n              \"type\": \"text\",\r\n              \"cont\": \"<p>Kaffeepause<\/p>\"\r\n            },\r\n            {\r\n              \"type\": \"text\",\r\n              \"cont\": \"<p>Foyer &amp; Terasse<\/p>\"\r\n            }\r\n          ],\r\n          [\r\n            {\r\n              \"type\": \"text\",\r\n              \"cont\": \"<p>15:45 Uhr<\/p>\"\r\n            },\r\n            {\r\n              \"type\": \"text\",\r\n              \"cont\": \"<p><a href=\\\"https:\/\/freo-netzwerk.de\/netzwerktreffen25\/selbststaendigkeit-in-der-freien-musikszene\/\\\" data-id=\\\"187\\\" data-title=\\\"Selbstst\u00e4ndigkeit in der freien Musikszene \u2013 Wege zur rechtssicheren Arbeit\\\" data-catid=\\\"[13,11]\\\" data-type=\\\"project\\\"><span class=\\\"_BOLD\\\">Impuls &amp; Panel<\/span><\/a><br \/><a href=\\\"https:\/\/freo-netzwerk.de\/netzwerktreffen25\/selbststaendigkeit-in-der-freien-musikszene\/\\\" data-id=\\\"187\\\" data-title=\\\"Selbstst\u00e4ndigkeit in der freien Musikszene \u2013 Wege zur rechtssicheren Arbeit\\\" data-catid=\\\"[13,11]\\\" data-type=\\\"project\\\">Selbstst\u00e4ndigkeit in der freien Musikszene \u2013 Wege zur rechtssicheren Arbeit<\/a><\/p>\"\r\n            },\r\n            {\r\n              \"type\": \"text\",\r\n              \"cont\": \"<p>Auditorium<\/p>\"\r\n            }\r\n          ],\r\n          [\r\n            {\r\n              \"type\": \"text\",\r\n              \"cont\": \"<p>17:15 Uhr<\/p>\"\r\n            },\r\n            {\r\n              \"type\": \"text\",\r\n              \"cont\": \"<p>Erfolge, die Mut machen.<br \/>Abschluss mit den ausrichtenden Verb\u00e4nden<\/p>\"\r\n            },\r\n            {\r\n              \"type\": \"text\",\r\n              \"cont\": \"<p>Auditorium<\/p>\"\r\n            }\r\n          ],\r\n          [\r\n            {\r\n              \"type\": \"text\",\r\n              \"cont\": \"<p>18:00 Uhr<\/p>\"\r\n            },\r\n            {\r\n              \"type\": \"text\",\r\n              \"cont\": \"<p>Ende der Veranstaltung<\/p>\"\r\n            },\r\n            {\r\n              \"type\": \"text\",\r\n              \"cont\": \"\"\r\n            }\r\n          ]\r\n        ]\r\n      },\r\n      \"absolute_position\": false,\r\n      \"textAnimation\": {\r\n        \"enableTextAnimation\": false\r\n      },\r\n      \"classes\": \"timetable\"\r\n    },\r\n    {\r\n      \"type\": \"text\",\r\n      \"cont\": \"<h1 class=\\\"_Bio_Name\\\" style=\\\"text-align: left;\\\"><span style=\\\"color: #ffffff;\\\">Raumplan<\/span><\/h1>\",\r\n      \"align\": \"top\",\r\n      \"row\": 5,\r\n      \"col\": 0,\r\n      \"colspan\": 12,\r\n      \"offsetx\": 0,\r\n      \"offsety\": 0,\r\n      \"spaceabove\": 5,\r\n      \"spacebelow\": 5,\r\n      \"yvel\": 1,\r\n      \"push\": 0,\r\n      \"relid\": 12,\r\n      \"absolute_position\": false\r\n    },\r\n    {\r\n      \"type\": \"img\",\r\n      \"cont\": \"\/wp-content\/uploads\/2025\/09\/bumberlin1.png\",\r\n      \"align\": \"middle\",\r\n      \"row\": 6,\r\n      \"col\": 0,\r\n      \"colspan\": 4,\r\n      \"offsetx\": 0,\r\n      \"offsety\": 0,\r\n      \"spaceabove\": 0,\r\n      \"spacebelow\": 5,\r\n      \"yvel\": 1,\r\n      \"push\": 0,\r\n      \"relid\": 14,\r\n      \"attid\": 112,\r\n      \"sizes\": {\r\n        \"full\": \"\/wp-content\/uploads\/2025\/09\/bumberlin1.png\",\r\n        \"_1280\": \"\/wp-content\/uploads\/2025\/09\/bumberlin1-1280x906.png\"\r\n      },\r\n      \"w\": 1488,\r\n      \"h\": 1053,\r\n      \"ar\": 0.7076612903225806,\r\n      \"alt\": \"\",\r\n      \"absolute_position\": false,\r\n      \"frameOverflow\": \"\",\r\n      \"textAnimation\": {\r\n        \"enableTextAnimation\": false\r\n      }\r\n    },\r\n    {\r\n      \"type\": \"img\",\r\n      \"cont\": \"\/wp-content\/uploads\/2025\/09\/bumberlin2.png\",\r\n      \"align\": \"top\",\r\n      \"row\": 6,\r\n      \"col\": 4,\r\n      \"colspan\": 4,\r\n      \"offsetx\": 0,\r\n      \"offsety\": 0,\r\n      \"spaceabove\": 0,\r\n      \"spacebelow\": 5,\r\n      \"yvel\": 1,\r\n      \"push\": 0,\r\n      \"relid\": 15,\r\n      \"attid\": 111,\r\n      \"sizes\": {\r\n        \"full\": \"\/wp-content\/uploads\/2025\/09\/bumberlin2.png\",\r\n        \"_1280\": \"\/wp-content\/uploads\/2025\/09\/bumberlin2-1280x907.png\",\r\n        \"_1024\": \"\/wp-content\/uploads\/2025\/09\/bumberlin2-1024x726.png\",\r\n        \"_768\": \"\/wp-content\/uploads\/2025\/09\/bumberlin2-768x544.png\",\r\n        \"_512\": \"\/wp-content\/uploads\/2025\/09\/bumberlin2-512x363.png\",\r\n        \"_265\": \"\/wp-content\/uploads\/2025\/09\/bumberlin2-265x188.png\"\r\n      },\r\n      \"w\": 1489,\r\n      \"h\": 1055,\r\n      \"ar\": 0.7085292142377434,\r\n      \"alt\": \"\",\r\n      \"absolute_position\": false,\r\n      \"textAnimation\": {\r\n        \"enableTextAnimation\": false\r\n      }\r\n    },\r\n    {\r\n      \"type\": \"img\",\r\n      \"cont\": \"\/wp-content\/uploads\/2025\/09\/bumberlin3.png\",\r\n      \"align\": \"top\",\r\n      \"row\": 6,\r\n      \"col\": 8,\r\n      \"colspan\": 4,\r\n      \"offsetx\": 0,\r\n      \"offsety\": 0,\r\n      \"spaceabove\": 0,\r\n      \"spacebelow\": 5,\r\n      \"yvel\": 1,\r\n      \"push\": 0,\r\n      \"relid\": 16,\r\n      \"attid\": 110,\r\n      \"sizes\": {\r\n        \"full\": \"\/wp-content\/uploads\/2025\/09\/bumberlin3.png\",\r\n        \"_1280\": \"\/wp-content\/uploads\/2025\/09\/bumberlin3-1280x905.png\",\r\n        \"_1024\": \"\/wp-content\/uploads\/2025\/09\/bumberlin3-1024x724.png\",\r\n        \"_768\": \"\/wp-content\/uploads\/2025\/09\/bumberlin3-768x543.png\",\r\n        \"_512\": \"\/wp-content\/uploads\/2025\/09\/bumberlin3-512x362.png\",\r\n        \"_265\": \"\/wp-content\/uploads\/2025\/09\/bumberlin3-265x187.png\"\r\n      },\r\n      \"w\": 1487,\r\n      \"h\": 1051,\r\n      \"ar\": 0.7067921990585071,\r\n      \"alt\": \"\",\r\n      \"absolute_position\": false,\r\n      \"textAnimation\": {\r\n        \"enableTextAnimation\": false\r\n      }\r\n    }\r\n  ]\r\n}","phonegrid":"","_links":{"self":[{"href":"https:\/\/freo-netzwerk.de\/netzwerktreffen25\/wp-json\/wp\/v2\/pages\/51","targetHints":{"allow":["GET"]}}],"collection":[{"href":"https:\/\/freo-netzwerk.de\/netzwerktreffen25\/wp-json\/wp\/v2\/pages"}],"about":[{"href":"https:\/\/freo-netzwerk.de\/netzwerktreffen25\/wp-json\/wp\/v2\/types\/page"}],"author":[{"embeddable":true,"href":"https:\/\/freo-netzwerk.de\/netzwerktreffen25\/wp-json\/wp\/v2\/users\/1"}],"replies":[{"embeddable":true,"href":"https:\/\/freo-netzwerk.de\/netzwerktreffen25\/wp-json\/wp\/v2\/comments?post=51"}],"version-history":[{"count":0,"href":"https:\/\/freo-netzwerk.de\/netzwerktreffen25\/wp-json\/wp\/v2\/pages\/51\/revisions"}],"wp:attachment":[{"href":"https:\/\/freo-netzwerk.de\/netzwerktreffen25\/wp-json\/wp\/v2\/media?parent=51"}],"curies":[{"name":"wp","href":"https:\/\/api.w.org\/{rel}","templated":true}]}}