{"id":55,"date":"2025-09-16T15:24:21","date_gmt":"2025-09-16T13:24:21","guid":{"rendered":"https:\/\/freo-netzwerk.de\/netzwerktreffen25\/?page_id=55"},"modified":"2025-09-30T11:51:44","modified_gmt":"2025-09-30T09:51:44","slug":"workshops","status":"publish","type":"page","link":"https:\/\/freo-netzwerk.de\/netzwerktreffen25\/workshops\/","title":{"rendered":"Workshops"},"content":{"rendered":"","protected":false},"excerpt":{"rendered":"","protected":false},"author":1,"featured_media":0,"parent":0,"menu_order":5,"comment_status":"closed","ping_status":"closed","template":"","meta":[],"class_list":["post-55","page","type-page","status-publish","hentry"],"grid":"{\r\n  \"colCount\": 12,\r\n  \"colGutter\": 3,\r\n  \"rowGutters\": [\r\n    5,\r\n    5,\r\n    5\r\n  ],\r\n  \"frameMargin\": 5,\r\n  \"leftFrameMargin\": 2,\r\n  \"rightFrameMargin\": 2,\r\n  \"topFrameMargin\": 10,\r\n  \"mus\": {\r\n    \"colGutterMu\": \"%\",\r\n    \"rowGutterMu\": \"%\",\r\n    \"topFrameMu\": \"%\",\r\n    \"bottomFrameMu\": \"%\",\r\n    \"frameMu\": \"%\"\r\n  },\r\n  \"bottomFrameMargin\": 2,\r\n  \"rowAttrs\": [\r\n    {\r\n      \"relid\": 1\r\n    },\r\n    {\r\n      \"relid\": 41\r\n    },\r\n    {\r\n      \"relid\": 55\r\n    },\r\n    {\r\n      \"relid\": 14\r\n    }\r\n  ],\r\n  \"bgColor\": \"#e5e5e5\",\r\n  \"bgImage\": null,\r\n  \"cont\": [\r\n    {\r\n      \"type\": \"text\",\r\n      \"cont\": \"<h3 class=\\\"_Bio_Name\\\" style=\\\"text-align: left;\\\">Workshops<\/h3>\",\r\n      \"align\": \"top\",\r\n      \"row\": 0,\r\n      \"col\": 0,\r\n      \"colspan\": 12,\r\n      \"offsetx\": 0,\r\n      \"offsety\": 0,\r\n      \"spaceabove\": 0,\r\n      \"spacebelow\": 0,\r\n      \"yvel\": 1,\r\n      \"push\": 0,\r\n      \"relid\": 2,\r\n      \"absolute_position\": false,\r\n      \"textAnimation\": {\r\n        \"enableTextAnimation\": false\r\n      }\r\n    },\r\n    {\r\n      \"type\": \"stack\",\r\n      \"cont\": [\r\n        {\r\n          \"type\": \"text\",\r\n          \"cont\": \"<h3 class=\\\"_Cubano30\\\">Montag, 13. Oktober, 14:00 Uhr &amp; 16:15 Uhr, Auditorium<\/h3>\",\r\n          \"align\": \"top\",\r\n          \"row\": 0,\r\n          \"col\": 0,\r\n          \"colspan\": 6,\r\n          \"offsetx\": 0,\r\n          \"offsety\": 0,\r\n          \"spaceabove\": 0,\r\n          \"spacebelow\": 0,\r\n          \"yvel\": 1,\r\n          \"push\": 0,\r\n          \"relid\": 4,\r\n          \"absolute_position\": false,\r\n          \"classes\": \"date\"\r\n        },\r\n        {\r\n          \"type\": \"text\",\r\n          \"cont\": \"<h3 class=\\\"_Programm_Titel\\\">Ensemble-Management Basics<\/h3><h3 class=\\\"_Cubano30\\\">Referent: Volker Hormann<\/h3>\",\r\n          \"align\": \"middle\",\r\n          \"row\": 1,\r\n          \"col\": 0,\r\n          \"colspan\": 6,\r\n          \"offsetx\": 0,\r\n          \"offsety\": 0,\r\n          \"spaceabove\": 0,\r\n          \"spacebelow\": 0,\r\n          \"yvel\": 1,\r\n          \"push\": 0,\r\n          \"relid\": 46,\r\n          \"absolute_position\": false,\r\n          \"classes\": \"head\"\r\n        },\r\n        {\r\n          \"type\": \"text\",\r\n          \"cont\": \"<p class=\\\"_Bio_Text\\\"><span style=\\\"font-weight: 400;\\\">Ein Ensemble zu gr\u00fcnden oder neu aufzubauen bedeutet nicht nur musikalische Arbeit \u2013 auch Organisation, Planung und klare Absprachen geh\u00f6ren von Anfang an dazu. Doch wie findet man die richtige Balance zwischen Kunst und Management?<\/span><\/p>\",\r\n          \"align\": \"middle\",\r\n          \"row\": 2,\r\n          \"col\": 0,\r\n          \"colspan\": 6,\r\n          \"offsetx\": 0,\r\n          \"offsety\": 0,\r\n          \"spaceabove\": 1,\r\n          \"spacebelow\": 1,\r\n          \"yvel\": 1,\r\n          \"push\": 0,\r\n          \"relid\": 8,\r\n          \"absolute_position\": false,\r\n          \"classes\": \"name\"\r\n        },\r\n        {\r\n          \"type\": \"text\",\r\n          \"cont\": \"<p><a class=\\\"laybutton1 laybutton\\\" href=\\\"https:\/\/freo-netzwerk.de\/netzwerktreffen25\/ensemble-management-basics\/\\\" data-id=\\\"198\\\" data-title=\\\"Ensemble-Management Basics\\\" data-catid=\\\"[12]\\\" data-type=\\\"project\\\">Zum Programmpunkt<\/a><\/p>\",\r\n          \"align\": \"top\",\r\n          \"row\": 3,\r\n          \"col\": 0,\r\n          \"colspan\": 6,\r\n          \"offsetx\": 0,\r\n          \"offsety\": 0,\r\n          \"spaceabove\": 0,\r\n          \"spacebelow\": 0,\r\n          \"yvel\": 1,\r\n          \"push\": 0,\r\n          \"relid\": 48,\r\n          \"absolute_position\": false,\r\n          \"textAnimation\": {\r\n            \"enableTextAnimation\": false\r\n          }\r\n        }\r\n      ],\r\n      \"align\": \"top\",\r\n      \"row\": 1,\r\n      \"col\": 0,\r\n      \"colspan\": 6,\r\n      \"offsetx\": 0,\r\n      \"offsety\": 0,\r\n      \"spaceabove\": 0,\r\n      \"spacebelow\": 0,\r\n      \"yvel\": 1,\r\n      \"push\": 0,\r\n      \"relid\": 44,\r\n      \"absolute_position\": false,\r\n      \"classes\": \"programm\",\r\n      \"stackRowGutter\": 0,\r\n      \"stackRowGutterMu\": \"%\"\r\n    },\r\n    {\r\n      \"type\": \"stack\",\r\n      \"cont\": [\r\n        {\r\n          \"type\": \"text\",\r\n          \"cont\": \"<h3 class=\\\"_Cubano30\\\">\u2014 Montag, 13. Oktober, 14:00 Uhr &amp; 16:15 Uhr <br \/>\u2014 Dienstag, 14. Oktober, 12:30 &amp; 14:30 Uhr, Auditorium<\/h3>\",\r\n          \"align\": \"top\",\r\n          \"row\": 0,\r\n          \"col\": 0,\r\n          \"colspan\": 6,\r\n          \"offsetx\": 0,\r\n          \"offsety\": 0,\r\n          \"spaceabove\": 0,\r\n          \"spacebelow\": 0,\r\n          \"yvel\": 1,\r\n          \"push\": 0,\r\n          \"relid\": 5,\r\n          \"absolute_position\": false,\r\n          \"classes\": \"date\"\r\n        },\r\n        {\r\n          \"type\": \"text\",\r\n          \"cont\": \"<h3 class=\\\"_Programm_Titel\\\">Dein Anliegen, deine Wirkung<\/h3><h3 class=\\\"_Cubano30\\\">Referentin: Bogl\u00e1rka Pecze<\/h3>\",\r\n          \"align\": \"middle\",\r\n          \"row\": 1,\r\n          \"col\": 0,\r\n          \"colspan\": 6,\r\n          \"offsetx\": 0,\r\n          \"offsety\": 0,\r\n          \"spaceabove\": 0,\r\n          \"spacebelow\": 0,\r\n          \"yvel\": 1,\r\n          \"push\": 0,\r\n          \"relid\": 51,\r\n          \"absolute_position\": false,\r\n          \"textAnimation\": {\r\n            \"enableTextAnimation\": false\r\n          },\r\n          \"classes\": \"head\"\r\n        },\r\n        {\r\n          \"type\": \"text\",\r\n          \"cont\": \"<p class=\\\"_Bio_Text\\\"><span style=\\\"font-weight: 400;\\\">Du kennst die B\u00fchne \u2013 jetzt lernst du den politischen Raum kennen.\u00a0<\/span><span style=\\\"font-weight: 400;\\\">Musik lebt nicht nur von k\u00fcnstlerischer Qualit\u00e4t, sondern auch davon, wie Rahmenbedingungen gestaltet werden.<\/span><\/p>\",\r\n          \"align\": \"middle\",\r\n          \"row\": 2,\r\n          \"col\": 0,\r\n          \"colspan\": 6,\r\n          \"offsetx\": 0,\r\n          \"offsety\": 0,\r\n          \"spaceabove\": 1,\r\n          \"spacebelow\": 1,\r\n          \"yvel\": 1,\r\n          \"push\": 0,\r\n          \"relid\": 12,\r\n          \"absolute_position\": false,\r\n          \"classes\": \"name\"\r\n        },\r\n        {\r\n          \"type\": \"text\",\r\n          \"cont\": \"<p><a class=\\\"laybutton1 laybutton\\\" href=\\\"https:\/\/freo-netzwerk.de\/netzwerktreffen25\/dein-anliegen-deine-wirkung\/\\\" data-id=\\\"200\\\" data-title=\\\"Dein Anliegen, deine Wirkung\\\" data-catid=\\\"[12]\\\" data-type=\\\"project\\\">Zum Programmpunkt<\/a><\/p>\",\r\n          \"align\": \"top\",\r\n          \"row\": 3,\r\n          \"col\": 0,\r\n          \"colspan\": 6,\r\n          \"offsetx\": 0,\r\n          \"offsety\": 0,\r\n          \"spaceabove\": 0,\r\n          \"spacebelow\": 0,\r\n          \"yvel\": 1,\r\n          \"push\": 0,\r\n          \"relid\": 54,\r\n          \"absolute_position\": false,\r\n          \"textAnimation\": {\r\n            \"enableTextAnimation\": false\r\n          }\r\n        }\r\n      ],\r\n      \"align\": \"top\",\r\n      \"row\": 1,\r\n      \"col\": 6,\r\n      \"colspan\": 6,\r\n      \"offsetx\": 0,\r\n      \"offsety\": 0,\r\n      \"spaceabove\": 0,\r\n      \"spacebelow\": 0,\r\n      \"yvel\": 1,\r\n      \"push\": 0,\r\n      \"relid\": 50,\r\n      \"absolute_position\": false,\r\n      \"classes\": \"programm\",\r\n      \"stackRowGutter\": 0,\r\n      \"stackRowGutterMu\": \"%\"\r\n    },\r\n    {\r\n      \"type\": \"stack\",\r\n      \"cont\": [\r\n        {\r\n          \"type\": \"text\",\r\n          \"cont\": \"<h3 class=\\\"_Cubano30\\\">\u2014 Montag, 13. Oktober, 14:00 Uhr &amp; 16:15 Uhr <br \/>\u2014 Dienstag, 14. Oktober, 12:30 Uhr &amp; 14:30 Uhr, bUm BOX<\/h3>\",\r\n          \"align\": \"top\",\r\n          \"row\": 0,\r\n          \"col\": 0,\r\n          \"colspan\": 6,\r\n          \"offsetx\": 0,\r\n          \"offsety\": 0,\r\n          \"spaceabove\": 0,\r\n          \"spacebelow\": 0,\r\n          \"yvel\": 1,\r\n          \"push\": 0,\r\n          \"relid\": 15,\r\n          \"absolute_position\": false,\r\n          \"classes\": \"date\"\r\n        },\r\n        {\r\n          \"type\": \"text\",\r\n          \"cont\": \"<h3 class=\\\"_Programm_Titel\\\">Geld und mentale Gesundheit<\/h3><h3 class=\\\"_Cubano30\\\">ReferentIN: Franziska Lauter<\/h3>\",\r\n          \"align\": \"middle\",\r\n          \"row\": 1,\r\n          \"col\": 0,\r\n          \"colspan\": 6,\r\n          \"offsetx\": 0,\r\n          \"offsety\": 0,\r\n          \"spaceabove\": 0,\r\n          \"spacebelow\": 0,\r\n          \"yvel\": 1,\r\n          \"push\": 0,\r\n          \"relid\": 57,\r\n          \"absolute_position\": false,\r\n          \"textAnimation\": {\r\n            \"enableTextAnimation\": false\r\n          },\r\n          \"classes\": \"head\"\r\n        },\r\n        {\r\n          \"type\": \"text\",\r\n          \"cont\": \"<p class=\\\"_Bio_Text\\\">Studien zeigen: Musik als Hobby f\u00f6rdert die mentale Gesundheit, aber Musizieren als Beruf kann psychisch sehr belasten. Warum? Geldsorgen und Zukunfts\u00e4ngste nennen Musikschaffenden als Hauptgr\u00fcnde f\u00fcr Stress, \u00c4ngste und sogar Depressionen.<\/p>\",\r\n          \"align\": \"middle\",\r\n          \"row\": 2,\r\n          \"col\": 0,\r\n          \"colspan\": 6,\r\n          \"offsetx\": 0,\r\n          \"offsety\": 0,\r\n          \"spaceabove\": 1,\r\n          \"spacebelow\": 1,\r\n          \"yvel\": 1,\r\n          \"push\": 0,\r\n          \"relid\": 19,\r\n          \"absolute_position\": false,\r\n          \"classes\": \"name\"\r\n        },\r\n        {\r\n          \"type\": \"text\",\r\n          \"cont\": \"<p><a class=\\\"laybutton1 laybutton\\\" href=\\\"https:\/\/freo-netzwerk.de\/netzwerktreffen25\/geld-und-mentale-gesundheit\/\\\" data-id=\\\"202\\\" data-title=\\\"Geld und mentale Gesundheit\\\" data-catid=\\\"[12]\\\" data-type=\\\"project\\\">Zum Programmpunkt<\/a><\/p>\",\r\n          \"align\": \"top\",\r\n          \"row\": 3,\r\n          \"col\": 0,\r\n          \"colspan\": 6,\r\n          \"offsetx\": 0,\r\n          \"offsety\": 0,\r\n          \"spaceabove\": 0,\r\n          \"spacebelow\": 0,\r\n          \"yvel\": 1,\r\n          \"push\": 0,\r\n          \"relid\": 60,\r\n          \"absolute_position\": false,\r\n          \"textAnimation\": {\r\n            \"enableTextAnimation\": false\r\n          }\r\n        }\r\n      ],\r\n      \"align\": \"top\",\r\n      \"row\": 2,\r\n      \"col\": 0,\r\n      \"colspan\": 6,\r\n      \"offsetx\": 0,\r\n      \"offsety\": 0,\r\n      \"spaceabove\": 0,\r\n      \"spacebelow\": 0,\r\n      \"yvel\": 1,\r\n      \"push\": 0,\r\n      \"relid\": 56,\r\n      \"absolute_position\": false,\r\n      \"classes\": \"programm\",\r\n      \"stackRowGutter\": 0,\r\n      \"stackRowGutterMu\": \"%\"\r\n    },\r\n    {\r\n      \"type\": \"stack\",\r\n      \"cont\": [\r\n        {\r\n          \"type\": \"text\",\r\n          \"cont\": \"<h3 class=\\\"_Cubano30\\\">Dienstag, 14. Oktober, 12:30 Uhr &amp; 14:30 Uhr, Auditorium<\/h3>\",\r\n          \"align\": \"middle\",\r\n          \"row\": 0,\r\n          \"col\": 0,\r\n          \"colspan\": 6,\r\n          \"offsetx\": 0,\r\n          \"offsety\": 0,\r\n          \"spaceabove\": 0,\r\n          \"spacebelow\": 0,\r\n          \"yvel\": 1,\r\n          \"push\": 0,\r\n          \"relid\": 16,\r\n          \"absolute_position\": false,\r\n          \"classes\": \"date\"\r\n        },\r\n        {\r\n          \"type\": \"text\",\r\n          \"cont\": \"<h3 class=\\\"_Programm_Titel\\\">Nachhaltigkeit im Touring der freien Musikszene<\/h3><h3 class=\\\"_Cubano30\\\">ReferentIN: Fine Stammnitz<\/h3>\",\r\n          \"align\": \"top\",\r\n          \"row\": 1,\r\n          \"col\": 0,\r\n          \"colspan\": 6,\r\n          \"offsetx\": 0,\r\n          \"offsety\": 0,\r\n          \"spaceabove\": 0,\r\n          \"spacebelow\": 0,\r\n          \"yvel\": 1,\r\n          \"push\": 0,\r\n          \"relid\": 62,\r\n          \"absolute_position\": false,\r\n          \"textAnimation\": {\r\n            \"enableTextAnimation\": false\r\n          },\r\n          \"classes\": \"head\"\r\n        },\r\n        {\r\n          \"type\": \"text\",\r\n          \"cont\": \"<p class=\\\"_Bio_Text\\\">In unserem Workshop wird es eine kurze Einf\u00fchrung geben, in der wir die Unterschiede zwischen Klimaschutz und Klimagerechtigkeit erarbeiten und uns mit dem Begriff Intersektionalit\u00e4t auseinandersetzen.<\/p>\",\r\n          \"align\": \"middle\",\r\n          \"row\": 2,\r\n          \"col\": 0,\r\n          \"colspan\": 6,\r\n          \"offsetx\": 0,\r\n          \"offsety\": 0,\r\n          \"spaceabove\": 1,\r\n          \"spacebelow\": 1,\r\n          \"yvel\": 1,\r\n          \"push\": 0,\r\n          \"relid\": 26,\r\n          \"absolute_position\": false,\r\n          \"classes\": \"name\"\r\n        },\r\n        {\r\n          \"type\": \"text\",\r\n          \"cont\": \"<p><a class=\\\"laybutton1 laybutton\\\" href=\\\"https:\/\/freo-netzwerk.de\/netzwerktreffen25\/nachhaltigkeit-im-touring-der-freien-musikszene\/\\\" data-id=\\\"204\\\" data-title=\\\"Nachhaltigkeit im Touring der freien Musikszene\\\" data-catid=\\\"[12]\\\" data-type=\\\"project\\\">Zum Programmpunkt<\/a><\/p>\",\r\n          \"align\": \"top\",\r\n          \"row\": 3,\r\n          \"col\": 0,\r\n          \"colspan\": 6,\r\n          \"offsetx\": 0,\r\n          \"offsety\": 0,\r\n          \"spaceabove\": 0,\r\n          \"spacebelow\": 0,\r\n          \"yvel\": 1,\r\n          \"push\": 0,\r\n          \"relid\": 65,\r\n          \"absolute_position\": false,\r\n          \"textAnimation\": {\r\n            \"enableTextAnimation\": false\r\n          }\r\n        }\r\n      ],\r\n      \"align\": \"top\",\r\n      \"row\": 2,\r\n      \"col\": 6,\r\n      \"colspan\": 6,\r\n      \"offsetx\": 0,\r\n      \"offsety\": 0,\r\n      \"spaceabove\": 0,\r\n      \"spacebelow\": 0,\r\n      \"yvel\": 1,\r\n      \"push\": 0,\r\n      \"relid\": 61,\r\n      \"absolute_position\": false,\r\n      \"classes\": \"programm\",\r\n      \"stackRowGutter\": 0,\r\n      \"stackRowGutterMu\": \"%\"\r\n    },\r\n    {\r\n      \"type\": \"stack\",\r\n      \"cont\": [\r\n        {\r\n          \"type\": \"text\",\r\n          \"cont\": \"<h3 class=\\\"_Cubano30\\\">\u2014 Montag, 13. Oktober, 14:00 Uhr &amp; 16:15 Uhr <br \/>\u2014 Dienstag, 14. Oktober, 12:30 Uhr &amp; 14:30 Uhr, Wintergarten<\/h3>\",\r\n          \"align\": \"top\",\r\n          \"row\": 0,\r\n          \"col\": 0,\r\n          \"colspan\": 6,\r\n          \"offsetx\": 0,\r\n          \"offsety\": 0,\r\n          \"spaceabove\": 0,\r\n          \"spacebelow\": 0,\r\n          \"yvel\": 1,\r\n          \"push\": 0,\r\n          \"relid\": 17,\r\n          \"absolute_position\": false,\r\n          \"classes\": \"date\"\r\n        },\r\n        {\r\n          \"type\": \"text\",\r\n          \"cont\": \"<h3 class=\\\"_Programm_Titel\\\">Kunst fair bezahlt: Das Verhandlungs-1x1 f\u00fcr selbstst\u00e4ndige Musiker*innen<\/h3><h3 class=\\\"_Cubano30\\\">ReferentIN: Ella Rohwer<\/h3>\",\r\n          \"align\": \"middle\",\r\n          \"row\": 1,\r\n          \"col\": 0,\r\n          \"colspan\": 6,\r\n          \"offsetx\": 0,\r\n          \"offsety\": 0,\r\n          \"spaceabove\": 0,\r\n          \"spacebelow\": 0,\r\n          \"yvel\": 1,\r\n          \"push\": 0,\r\n          \"relid\": 67,\r\n          \"absolute_position\": false,\r\n          \"textAnimation\": {\r\n            \"enableTextAnimation\": false\r\n          },\r\n          \"classes\": \"head\"\r\n        },\r\n        {\r\n          \"type\": \"text\",\r\n          \"cont\": \"<p class=\\\"_Bio_Text\\\">Praxisnahes Verhandlungswissen speziell f\u00fcr selbstst\u00e4ndige Musikschaffende.<\/p>\",\r\n          \"align\": \"middle\",\r\n          \"row\": 2,\r\n          \"col\": 0,\r\n          \"colspan\": 6,\r\n          \"offsetx\": 0,\r\n          \"offsety\": 0,\r\n          \"spaceabove\": 1,\r\n          \"spacebelow\": 1,\r\n          \"yvel\": 1,\r\n          \"push\": 0,\r\n          \"relid\": 34,\r\n          \"absolute_position\": false,\r\n          \"classes\": \"name\"\r\n        },\r\n        {\r\n          \"type\": \"text\",\r\n          \"cont\": \"<p><a class=\\\"laybutton1 laybutton\\\" href=\\\"https:\/\/freo-netzwerk.de\/netzwerktreffen25\/kunst-fair-bezahlt\/\\\" data-id=\\\"205\\\" data-title=\\\"Kunst fair bezahlt: Das Verhandlungs-1x1 f\u00fcr selbstst\u00e4ndige Musiker*innen\\\" data-catid=\\\"[12]\\\" data-type=\\\"project\\\">Zum Programmpunkt<\/a><\/p>\",\r\n          \"align\": \"top\",\r\n          \"row\": 3,\r\n          \"col\": 0,\r\n          \"colspan\": 6,\r\n          \"offsetx\": 0,\r\n          \"offsety\": 0,\r\n          \"spaceabove\": 0,\r\n          \"spacebelow\": 0,\r\n          \"yvel\": 1,\r\n          \"push\": 0,\r\n          \"relid\": 70,\r\n          \"absolute_position\": false,\r\n          \"textAnimation\": {\r\n            \"enableTextAnimation\": false\r\n          }\r\n        }\r\n      ],\r\n      \"align\": \"top\",\r\n      \"row\": 3,\r\n      \"col\": 0,\r\n      \"colspan\": 6,\r\n      \"offsetx\": 0,\r\n      \"offsety\": 0,\r\n      \"spaceabove\": 0,\r\n      \"spacebelow\": 0,\r\n      \"yvel\": 1,\r\n      \"push\": 0,\r\n      \"relid\": 66,\r\n      \"absolute_position\": false,\r\n      \"classes\": \"programm\",\r\n      \"stackRowGutter\": 0,\r\n      \"stackRowGutterMu\": \"%\"\r\n    },\r\n    {\r\n      \"type\": \"stack\",\r\n      \"cont\": [\r\n        {\r\n          \"type\": \"text\",\r\n          \"cont\": \"<h3 class=\\\"_Cubano30\\\">\u2014 Montag, 13. Oktober, 14:00 Uhr &amp; 16:15 Uhr <br \/>\u2014 Dienstag, 14. Oktober, 12:30 Uhr &amp; 14:30 Uhr, Seminarraum<\/h3>\",\r\n          \"align\": \"top\",\r\n          \"row\": 0,\r\n          \"col\": 0,\r\n          \"colspan\": 6,\r\n          \"offsetx\": 0,\r\n          \"offsety\": 0,\r\n          \"spaceabove\": 0,\r\n          \"spacebelow\": 0,\r\n          \"yvel\": 1,\r\n          \"push\": 0,\r\n          \"relid\": 7,\r\n          \"absolute_position\": false,\r\n          \"classes\": \"date\"\r\n        },\r\n        {\r\n          \"type\": \"text\",\r\n          \"cont\": \"<h3 class=\\\"_Programm_Titel\\\">Zwischen B\u00fchne &amp; Familie: Ein Raum f\u00fcr Austausch<\/h3><h3 class=\\\"_Cubano30\\\">ReferentINnen: Music Family Hub (Pamela B\u00fcrger &amp; Nanja Oedi)<\/h3>\",\r\n          \"align\": \"top\",\r\n          \"row\": 1,\r\n          \"col\": 0,\r\n          \"colspan\": 6,\r\n          \"offsetx\": 0,\r\n          \"offsety\": 0,\r\n          \"spaceabove\": 0,\r\n          \"spacebelow\": 0,\r\n          \"yvel\": 1,\r\n          \"push\": 0,\r\n          \"relid\": 72,\r\n          \"absolute_position\": false,\r\n          \"textAnimation\": {\r\n            \"enableTextAnimation\": false\r\n          },\r\n          \"classes\": \"head\"\r\n        },\r\n        {\r\n          \"type\": \"text\",\r\n          \"cont\": \"<p class=\\\"_Bio_Text\\\">Offener Dialograum f\u00fcr Musiker:innen der freien Szene, die vor der Herausforderung stehen, Familie und Kunst miteinander zu verbinden.<\/p>\",\r\n          \"align\": \"top\",\r\n          \"row\": 2,\r\n          \"col\": 0,\r\n          \"colspan\": 6,\r\n          \"offsetx\": 0,\r\n          \"offsety\": 0,\r\n          \"spaceabove\": 1,\r\n          \"spacebelow\": 1,\r\n          \"yvel\": 1,\r\n          \"push\": 0,\r\n          \"relid\": 39,\r\n          \"absolute_position\": false,\r\n          \"classes\": \"name\"\r\n        },\r\n        {\r\n          \"type\": \"text\",\r\n          \"cont\": \"<p><a class=\\\"laybutton1 laybutton\\\" href=\\\"https:\/\/freo-netzwerk.de\/netzwerktreffen25\/zwischen-buehne-familie-ein-raum-fuer-austausch\/\\\" data-id=\\\"207\\\" data-title=\\\"Zwischen B\u00fchne &amp; Familie: Ein Raum f\u00fcr Austausch\\\" data-catid=\\\"[12]\\\" data-type=\\\"project\\\">Zum Programmpunkt<\/a><\/p>\",\r\n          \"align\": \"top\",\r\n          \"row\": 3,\r\n          \"col\": 0,\r\n          \"colspan\": 6,\r\n          \"offsetx\": 0,\r\n          \"offsety\": 0,\r\n          \"spaceabove\": 0,\r\n          \"spacebelow\": 0,\r\n          \"yvel\": 1,\r\n          \"push\": 0,\r\n          \"relid\": 75,\r\n          \"absolute_position\": false,\r\n          \"textAnimation\": {\r\n            \"enableTextAnimation\": false\r\n          }\r\n        }\r\n      ],\r\n      \"align\": \"top\",\r\n      \"row\": 3,\r\n      \"col\": 6,\r\n      \"colspan\": 6,\r\n      \"offsetx\": 0,\r\n      \"offsety\": 0,\r\n      \"spaceabove\": 0,\r\n      \"spacebelow\": 0,\r\n      \"yvel\": 1,\r\n      \"push\": 0,\r\n      \"relid\": 71,\r\n      \"absolute_position\": false,\r\n      \"classes\": \"programm\",\r\n      \"stackRowGutter\": 0,\r\n      \"stackRowGutterMu\": \"%\"\r\n    }\r\n  ]\r\n}","phonegrid":"","_links":{"self":[{"href":"https:\/\/freo-netzwerk.de\/netzwerktreffen25\/wp-json\/wp\/v2\/pages\/55","targetHints":{"allow":["GET"]}}],"collection":[{"href":"https:\/\/freo-netzwerk.de\/netzwerktreffen25\/wp-json\/wp\/v2\/pages"}],"about":[{"href":"https:\/\/freo-netzwerk.de\/netzwerktreffen25\/wp-json\/wp\/v2\/types\/page"}],"author":[{"embeddable":true,"href":"https:\/\/freo-netzwerk.de\/netzwerktreffen25\/wp-json\/wp\/v2\/users\/1"}],"replies":[{"embeddable":true,"href":"https:\/\/freo-netzwerk.de\/netzwerktreffen25\/wp-json\/wp\/v2\/comments?post=55"}],"version-history":[{"count":0,"href":"https:\/\/freo-netzwerk.de\/netzwerktreffen25\/wp-json\/wp\/v2\/pages\/55\/revisions"}],"wp:attachment":[{"href":"https:\/\/freo-netzwerk.de\/netzwerktreffen25\/wp-json\/wp\/v2\/media?parent=55"}],"curies":[{"name":"wp","href":"https:\/\/api.w.org\/{rel}","templated":true}]}}